{"id":2367,"date":"2017-09-07T15:16:41","date_gmt":"2017-09-07T15:16:41","guid":{"rendered":"http:\/\/primaverafilmes.com.br\/site\/?page_id=2367"},"modified":"2017-09-07T20:27:47","modified_gmt":"2017-09-07T20:27:47","slug":"prima","status":"publish","type":"page","link":"http:\/\/primaverafilmes.com.br\/site\/","title":{"rendered":"Prima"},"content":{"rendered":"<div id=\"pl-2367\"  class=\"panel-layout\" ><div class=\"smartlib-blck-area\"><div class=\"container\"><div id=\"pg-2367-0\"  class=\"panel-grid panel-has-style\" ><div class=\"smartlib-widgets-panel-row panel-row-style panel-row-style-for-2367-0\" ><div id=\"pgc-2367-0-0\"  class=\"panel-grid-cell\" ><div id=\"panel-2367-0-0-0\" class=\"so-panel widget widget_text panel-first-child\" data-index=\"0\" >\t\t\t<div class=\"textwidget\"><\/div>\n\t\t<\/div><div id=\"panel-2367-0-0-1\" class=\"so-panel widget widget_text\" data-index=\"1\" >\t\t\t<div class=\"textwidget\"><\/div>\n\t\t<\/div><div id=\"panel-2367-0-0-2\" class=\"so-panel widget widget_text\" data-index=\"2\" >\t\t\t<div class=\"textwidget\"><\/div>\n\t\t<\/div><div id=\"panel-2367-0-0-3\" class=\"so-panel widget widget_sow-headline\" data-index=\"3\" ><div class=\"so-widget-sow-headline so-widget-sow-headline-default-d41857c6b233\"><div class=\"sow-headline-container \">\n\t<h4 class='sow-headline'>Conhe\u00e7a nosso trabalho audiovisual<\/h4>\t\t\t\t\t<div class=\"decoration\">\n\t\t\t\t\t\t<div class=\"decoration-inside\"><\/div>\n\t\t\t\t\t<\/div>\n\t\t\t\t\t<\/div><\/div><\/div><div id=\"panel-2367-0-0-4\" class=\"so-panel widget widget_sow-video panel-last-child\" data-index=\"4\" ><div class=\"so-widget-sow-video so-widget-sow-video-base\">\n<div class=\"sow-video-wrapper\">\n\t\t<iframe loading=\"lazy\" title=\"[PRIMAVERA FILMES] Demo Reel\" width=\"1200\" height=\"675\" src=\"https:\/\/www.youtube.com\/embed\/A23wrp4Yr6Q?feature=oembed\" frameborder=\"0\" allow=\"accelerometer; autoplay; clipboard-write; encrypted-media; gyroscope; picture-in-picture; web-share\" referrerpolicy=\"strict-origin-when-cross-origin\" allowfullscreen><\/iframe>\t<\/div>\n<\/div><\/div><\/div><\/div><\/div><\/div><\/div><div class=\"smartlib-blck-area\"><div class=\"container\"><div id=\"pg-2367-1\"  class=\"panel-grid panel-has-style\" ><div class=\"smartlib-widgets-panel-row panel-row-style panel-row-style-for-2367-1\" ><div id=\"pgc-2367-1-0\"  class=\"panel-grid-cell\" ><div id=\"panel-2367-1-0-0\" class=\"so-panel widget widget_sow-post-carousel panel-first-child panel-last-child\" data-index=\"5\" ><div class=\"so-widget-sow-post-carousel so-widget-sow-post-carousel-default-cea027ed113e\">\n\t<div class=\"sow-carousel-title\">\n\t\t\n\t\t<div class=\"sow-carousel-navigation\">\n\t\t\t<a href=\"#\" class=\"sow-carousel-next\" title=\"Next\" aria-label=\"Next Posts\" role=\"button\"><\/a>\n\t\t\t<a href=\"#\" class=\"sow-carousel-previous\" title=\"Previous\" aria-label=\"Previous Posts\" role=\"button\"><\/a>\n\t\t<\/div>\n\n\t<\/div>\n\n\t<div class=\"sow-carousel-container\">\n\n\t\t<a href=\"#\" class=\"sow-carousel-previous\" title=\"Previous\" aria-label=\"Previous Posts\" role=\"button\"><\/a>\n\n\t\t<a href=\"#\" class=\"sow-carousel-next\" title=\"Next\" aria-label=\"Next Posts\" role=\"button\"><\/a>\n\n\t\t<div class=\"sow-carousel-wrapper\"\n\t\t     data-post-count=\"9\"\n\t\t     data-loop-posts-enabled=\"1\"\n\t\t     data-ajax-url=\"http:\/\/primaverafilmes.com.br\/site\/wp-admin\/admin-ajax.php?_widgets_nonce=859f0dc727\"\n\t\t     data-page=\"1\"\n\t\t     data-fetching=\"false\"\n\t\t     data-dir=\"ltr\"\n\t\t>\n\t\t\t<div class=\"sow-carousel-items\">\n\t\t\t\t\t<div class=\"sow-carousel-item\" tabindex=\"-1\">\n\t\t<div class=\"sow-carousel-thumbnail\">\n\t\t\t\t\t\t\t<a href=\"http:\/\/primaverafilmes.com.br\/site\/2016\/02\/12\/animacao\/\" style=\"background-image: url(http:\/\/primaverafilmes.com.br\/site\/wp-content\/uploads\/2016\/02\/Iemanja\u0301-1000x520-1-272x182.png)\" aria-labelledby=\"sow-carousel-id-13\" tabindex=\"-1\">\n\t\t\t\t\t<span class=\"overlay\"><\/span>\n\t\t\t\t<\/a>\n\t\t\t\t\t<\/div>\n\t\t<h3><a href=\"http:\/\/primaverafilmes.com.br\/site\/2016\/02\/12\/animacao\/\" id=\"sow-carousel-id-13\" tabindex=\"-1\">Anima\u00e7\u00e3o<\/a><\/h3>\n\t<\/div>\n\t<div class=\"sow-carousel-item\" tabindex=\"-1\">\n\t\t<div class=\"sow-carousel-thumbnail\">\n\t\t\t\t\t\t\t<a href=\"http:\/\/primaverafilmes.com.br\/site\/2016\/02\/12\/ficcao\/\" style=\"background-image: url(http:\/\/primaverafilmes.com.br\/site\/wp-content\/uploads\/2016\/02\/HC1000x520-272x182.png)\" aria-labelledby=\"sow-carousel-id-8\" tabindex=\"-1\">\n\t\t\t\t\t<span class=\"overlay\"><\/span>\n\t\t\t\t<\/a>\n\t\t\t\t\t<\/div>\n\t\t<h3><a href=\"http:\/\/primaverafilmes.com.br\/site\/2016\/02\/12\/ficcao\/\" id=\"sow-carousel-id-8\" tabindex=\"-1\">Cinema e v\u00eddeo<\/a><\/h3>\n\t<\/div>\n\t<div class=\"sow-carousel-item\" tabindex=\"-1\">\n\t\t<div class=\"sow-carousel-thumbnail\">\n\t\t\t\t\t\t\t<a href=\"http:\/\/primaverafilmes.com.br\/site\/2016\/02\/12\/cultural-2\/\" style=\"background-image: url(http:\/\/primaverafilmes.com.br\/site\/wp-content\/uploads\/2012\/12\/cultura-e1455303260535-272x182.jpg)\" aria-labelledby=\"sow-carousel-id-87\" tabindex=\"-1\">\n\t\t\t\t\t<span class=\"overlay\"><\/span>\n\t\t\t\t<\/a>\n\t\t\t\t\t<\/div>\n\t\t<h3><a href=\"http:\/\/primaverafilmes.com.br\/site\/2016\/02\/12\/cultural-2\/\" id=\"sow-carousel-id-87\" tabindex=\"-1\">Cultural<\/a><\/h3>\n\t<\/div>\n\t<div class=\"sow-carousel-item\" tabindex=\"-1\">\n\t\t<div class=\"sow-carousel-thumbnail\">\n\t\t\t\t\t\t\t<a href=\"http:\/\/primaverafilmes.com.br\/site\/2016\/02\/11\/312\/\" style=\"background-image: url(http:\/\/primaverafilmes.com.br\/site\/wp-content\/uploads\/2016\/02\/print-screen-jau-e1455302122190-272x182.jpg)\" aria-labelledby=\"sow-carousel-id-1979\" tabindex=\"-1\">\n\t\t\t\t\t<span class=\"overlay\"><\/span>\n\t\t\t\t<\/a>\n\t\t\t\t\t<\/div>\n\t\t<h3><a href=\"http:\/\/primaverafilmes.com.br\/site\/2016\/02\/11\/312\/\" id=\"sow-carousel-id-1979\" tabindex=\"-1\">Document\u00e1rio<\/a><\/h3>\n\t<\/div>\n\t<div class=\"sow-carousel-item\" tabindex=\"-1\">\n\t\t<div class=\"sow-carousel-thumbnail\">\n\t\t\t\t\t\t\t<a href=\"http:\/\/primaverafilmes.com.br\/site\/2016\/02\/11\/educacional\/\" style=\"background-image: url(http:\/\/primaverafilmes.com.br\/site\/wp-content\/uploads\/2016\/02\/saraiva2-272x182.png)\" aria-labelledby=\"sow-carousel-id-16\" tabindex=\"-1\">\n\t\t\t\t\t<span class=\"overlay\"><\/span>\n\t\t\t\t<\/a>\n\t\t\t\t\t<\/div>\n\t\t<h3><a href=\"http:\/\/primaverafilmes.com.br\/site\/2016\/02\/11\/educacional\/\" id=\"sow-carousel-id-16\" tabindex=\"-1\">Educacional<\/a><\/h3>\n\t<\/div>\n\t<div class=\"sow-carousel-item\" tabindex=\"-1\">\n\t\t<div class=\"sow-carousel-thumbnail\">\n\t\t\t\t\t\t\t<a href=\"http:\/\/primaverafilmes.com.br\/site\/2016\/02\/05\/programas-para-web\/\" style=\"background-image: url(http:\/\/primaverafilmes.com.br\/site\/wp-content\/uploads\/2016\/02\/valvulado-272x182.png)\" aria-labelledby=\"sow-carousel-id-2182\" tabindex=\"-1\">\n\t\t\t\t\t<span class=\"overlay\"><\/span>\n\t\t\t\t<\/a>\n\t\t\t\t\t<\/div>\n\t\t<h3><a href=\"http:\/\/primaverafilmes.com.br\/site\/2016\/02\/05\/programas-para-web\/\" id=\"sow-carousel-id-2182\" tabindex=\"-1\">Programas para WEB<\/a><\/h3>\n\t<\/div>\n\t<div class=\"sow-carousel-item\" tabindex=\"-1\">\n\t\t<div class=\"sow-carousel-thumbnail\">\n\t\t\t\t\t\t\t<a href=\"http:\/\/primaverafilmes.com.br\/site\/2012\/12\/05\/premios\/\" style=\"background-image: url(http:\/\/primaverafilmes.com.br\/site\/wp-content\/uploads\/2012\/12\/BGG2-272x182.png)\" aria-labelledby=\"sow-carousel-id-146\" tabindex=\"-1\">\n\t\t\t\t\t<span class=\"overlay\"><\/span>\n\t\t\t\t<\/a>\n\t\t\t\t\t<\/div>\n\t\t<h3><a href=\"http:\/\/primaverafilmes.com.br\/site\/2012\/12\/05\/premios\/\" id=\"sow-carousel-id-146\" tabindex=\"-1\">Pr\u00eamios<\/a><\/h3>\n\t<\/div>\n\t<div class=\"sow-carousel-item\" tabindex=\"-1\">\n\t\t<div class=\"sow-carousel-thumbnail\">\n\t\t\t\t\t\t\t<a href=\"http:\/\/primaverafilmes.com.br\/site\/2012\/12\/04\/institucional\/\" style=\"background-image: url(http:\/\/primaverafilmes.com.br\/site\/wp-content\/uploads\/2012\/12\/inatitucional-imagem.jpg)\" aria-labelledby=\"sow-carousel-id-96\" tabindex=\"-1\">\n\t\t\t\t\t<span class=\"overlay\"><\/span>\n\t\t\t\t<\/a>\n\t\t\t\t\t<\/div>\n\t\t<h3><a href=\"http:\/\/primaverafilmes.com.br\/site\/2012\/12\/04\/institucional\/\" id=\"sow-carousel-id-96\" tabindex=\"-1\">Institucional<\/a><\/h3>\n\t<\/div>\n\t<div class=\"sow-carousel-item\" tabindex=\"-1\">\n\t\t<div class=\"sow-carousel-thumbnail\">\n\t\t\t\t\t\t\t<a href=\"http:\/\/primaverafilmes.com.br\/site\/2012\/12\/04\/programa-de-tv\/\" style=\"background-image: url(http:\/\/primaverafilmes.com.br\/site\/wp-content\/uploads\/2012\/12\/TV-IVAN-272x182.png)\" aria-labelledby=\"sow-carousel-id-72\" tabindex=\"-1\">\n\t\t\t\t\t<span class=\"overlay\"><\/span>\n\t\t\t\t<\/a>\n\t\t\t\t\t<\/div>\n\t\t<h3><a href=\"http:\/\/primaverafilmes.com.br\/site\/2012\/12\/04\/programa-de-tv\/\" id=\"sow-carousel-id-72\" tabindex=\"-1\">Programa de TV<\/a><\/h3>\n\t<\/div>\n\t\t\t<\/div>\n\t\t<\/div>\n\t<\/div>\n\t<input type=\"hidden\" name=\"instance_hash\" value=\"9c4e882f\"\/>\n<\/div><\/div><\/div><\/div><\/div><\/div><\/div><div class=\"smartlib-blck-area\"><div class=\"container\"><div id=\"pg-2367-2\"  class=\"panel-grid panel-has-style\" ><div class=\"smartlib-widgets-panel-row panel-row-style panel-row-style-for-2367-2\" ><div id=\"pgc-2367-2-0\"  class=\"panel-grid-cell\" ><div id=\"panel-2367-2-0-0\" class=\"so-panel widget widget_text panel-first-child\" data-index=\"6\" >\t\t\t<div class=\"textwidget\"><\/div>\n\t\t<\/div><div id=\"panel-2367-2-0-1\" class=\"so-panel widget widget_text\" data-index=\"7\" >\t\t\t<div class=\"textwidget\"><\/div>\n\t\t<\/div><div id=\"panel-2367-2-0-2\" class=\"so-panel widget widget_text panel-last-child\" data-index=\"8\" >\t\t\t<div class=\"textwidget\"><\/div>\n\t\t<\/div><\/div><\/div><\/div><\/div><\/div><div class=\"smartlib-blck-area\"><div class=\"container\"><div id=\"pg-2367-3\"  class=\"panel-grid panel-has-style\" ><div class=\"smartlib-widgets-panel-row panel-row-style panel-row-style-for-2367-3\" ><div id=\"pgc-2367-3-0\"  class=\"panel-grid-cell\" ><div id=\"panel-2367-3-0-0\" class=\"so-panel widget widget_sow-headline panel-first-child panel-last-child\" data-index=\"9\" ><div class=\"so-widget-sow-headline so-widget-sow-headline-default-d41857c6b233\"><div class=\"sow-headline-container \">\n\t<h4 class='sow-headline'>Conhe\u00e7a alguns sites e blogs que desenvolvemos<\/h4>\t\t\t\t\t<div class=\"decoration\">\n\t\t\t\t\t\t<div class=\"decoration-inside\"><\/div>\n\t\t\t\t\t<\/div>\n\t\t\t\t\t<\/div><\/div><\/div><\/div><\/div><\/div><\/div><\/div><div class=\"smartlib-blck-area\"><div class=\"container\"><div id=\"pg-2367-4\"  class=\"panel-grid panel-has-style\" ><div class=\"smartlib-widgets-panel-row panel-row-style panel-row-style-for-2367-4\" ><div id=\"pgc-2367-4-0\"  class=\"panel-grid-cell\" ><div id=\"panel-2367-4-0-0\" class=\"so-panel widget widget_text panel-first-child panel-last-child\" data-index=\"10\" >\t\t\t<div class=\"textwidget\">\t\n\t\t<div id=\"boxGallery\" class=\"g-box2423 Gallery-container gallery-box gbox-font\">\n\t\t\t<!-- Regular images -->\n\t\t<style type=\"text\/css\">\r\n\r\n\t#boxGallery .gbox-margin2423{\r\n\t\tmargin:0 10px 10px 0 ;\r\n\t}\r\n\t#boxGallery .adimg2423 h2{\r\n\t\tcolor: #ffffff;\r\n\t\tfont-size: 17px;\r\n\t\ttext-transform: uppercase;\r\n\t\tpadding: 20px;\r\n\r\n\t}\r\n\t#boxGallery .adimg2423 h2:before{\r\n\t\tbackground-color: #000000;\r\n\t\topacity: 0.5;\r\n\r\n\t}\r\n\t#boxGallery .adimg2423 .hover button.info,\r\n\t#boxGallery .adimg2423 .hover .gbox-icon i{\r\n\t\t\tcolor: #ffffff;\r\n\t    \tborder: 1px solid #ffffff;\r\n\t    \tfont-size: 14px;\r\n\t\t}\r\n\r\n \r\n\r\n\r\n\r\n<\/style>\r\n\r\n<script type=\"text\/javascript\">\r\n\r\n(function ($) {\r\n\t\"use strict\";\r\n    $(document).ready(function(){\r\n       \/\/lightbox opions\r\n         $('.gb-light').venobox({\r\n        border: '0px',\r\n        bgcolor: '#d2d2d2',\r\n        spinColor: '#b6b6b6',  \r\n        spinner: 'double-bounce',   \r\n        titlePosition: 'bottom'   \r\n        }); \r\n\r\n   if ( $('.g-box2423').length > 0 )\r\n    {\r\n        var $gbox_smasonry2423 = $('.g-box2423').isotope({\r\n            itemSelector : '.gb-masonry2423',\r\n            \/\/masonry: {\r\n                \/\/columnWidth: '.grid-sizer'\r\n            \/\/}\r\n        });\r\n\r\n        $gbox_smasonry2423.imagesLoaded().progress( function() {\r\n            $gbox_smasonry2423.isotope('layout');\r\n            \r\n        });\r\n\r\n    }\/\/check image not empty\r\n\r\n\r\n    });\r\n}(jQuery));\t\r\n\r\n<\/script>\r\n\t<div class=\"gcolumn-3 images-gallery adimg2423 gb-masonry2423\">\r\n         <div class=\"gbox-margin2423 hover ehover1\">\r\n            <a class=\"gb-light\" href=\"http:\/\/primaverafilmes.com.br\/site\/wp-content\/uploads\/2017\/09\/animafro1-1024x590.jpg\" title=\"Animafro: Mitologia Afro-Brasileira - Compartilhamento de conhecimento\" data-gall=\"adimg2423\">\r\n            <img loading=\"lazy\" decoding=\"async\" src=\"http:\/\/primaverafilmes.com.br\/site\/wp-content\/uploads\/2017\/09\/animafro1.jpg\" alt=\"Animafro: Mitologia Afro-Brasileira - Compartilhamento de conhecimento\"  height=\"259\" width=\"450\" title=\"Animafro: Mitologia Afro-Brasileira - Compartilhamento de conhecimento\"\/>\r\n                <div class=\"overlay\">\r\n                    <div class=\"gb-middle\">\r\n                        <div class=\"gb-inner\">\r\n                            <h2 class=\"you-title\">Animafro<\/h2>\r\n                             <button class=\"info\">\r\n                            veja maior \r\n                       \r\n                    <\/button>\r\n                    <\/div>\r\n                    <\/div>\r\n                    \r\n                <\/div>\t\r\n            <\/a>\r\n        <\/div>\r\n\t<\/div><!--# Regular images -->\r\n        \t<div class=\"gcolumn-3 images-gallery adimg2423 gb-masonry2423\">\r\n         <div class=\"gbox-margin2423 hover ehover1\">\r\n            <a class=\"gb-light\" href=\"http:\/\/primaverafilmes.com.br\/site\/wp-content\/uploads\/2017\/09\/raiz1-1024x585.jpg\" title=\"Revista RAIZ. Arte e Cultura de um Brasil in\u00e9dito e instigante.\" data-gall=\"adimg2423\">\r\n            <img loading=\"lazy\" decoding=\"async\" src=\"http:\/\/primaverafilmes.com.br\/site\/wp-content\/uploads\/2017\/09\/raiz1.jpg\" alt=\"Revista RAIZ. Arte e Cultura de um Brasil in\u00e9dito e instigante.\"  height=\"257\" width=\"450\" title=\"Revista RAIZ. Arte e Cultura de um Brasil in\u00e9dito e instigante.\"\/>\r\n                <div class=\"overlay\">\r\n                    <div class=\"gb-middle\">\r\n                        <div class=\"gb-inner\">\r\n                            <h2 class=\"you-title\">Revista Raiz<\/h2>\r\n                             <button class=\"info\">\r\n                            veja maior \r\n                       \r\n                    <\/button>\r\n                    <\/div>\r\n                    <\/div>\r\n                    \r\n                <\/div>\t\r\n            <\/a>\r\n        <\/div>\r\n\t<\/div><!--# Regular images -->\r\n        \t<div class=\"gcolumn-3 images-gallery adimg2423 gb-masonry2423\">\r\n         <div class=\"gbox-margin2423 hover ehover1\">\r\n            <a class=\"gb-light\" href=\"http:\/\/primaverafilmes.com.br\/site\/wp-content\/uploads\/2017\/09\/site-csa-1-752x1024.jpg\" title=\"Alimentos org\u00e2nicos direto do produtor\" data-gall=\"adimg2423\">\r\n            <img loading=\"lazy\" decoding=\"async\" src=\"http:\/\/primaverafilmes.com.br\/site\/wp-content\/uploads\/2017\/09\/site-csa-1.jpg\" alt=\"Alimentos org\u00e2nicos direto do produtor\"  height=\"450\" width=\"331\" title=\"Alimentos org\u00e2nicos direto do produtor\"\/>\r\n                <div class=\"overlay\">\r\n                    <div class=\"gb-middle\">\r\n                        <div class=\"gb-inner\">\r\n                            <h2 class=\"you-title\">CSA Sorocaba<\/h2>\r\n                             <button class=\"info\">\r\n                            veja maior \r\n                       \r\n                    <\/button>\r\n                    <\/div>\r\n                    <\/div>\r\n                    \r\n                <\/div>\t\r\n            <\/a>\r\n        <\/div>\r\n\t<\/div><!--# Regular images -->\r\n        \t<div class=\"gcolumn-3 images-gallery adimg2423 gb-masonry2423\">\r\n         <div class=\"gbox-margin2423 hover ehover1\">\r\n            <a class=\"gb-light\" href=\"http:\/\/primaverafilmes.com.br\/site\/wp-content\/uploads\/2017\/09\/yolode2-1005x1024.jpg\" title=\"Produtos e projetos manuais\" data-gall=\"adimg2423\">\r\n            <img loading=\"lazy\" decoding=\"async\" src=\"http:\/\/primaverafilmes.com.br\/site\/wp-content\/uploads\/2017\/09\/yolode2.jpg\" alt=\"Produtos e projetos manuais\"  height=\"450\" width=\"442\" title=\"Produtos e projetos manuais\"\/>\r\n                <div class=\"overlay\">\r\n                    <div class=\"gb-middle\">\r\n                        <div class=\"gb-inner\">\r\n                            <h2 class=\"you-title\">Yolode: projetos manuais<\/h2>\r\n                             <button class=\"info\">\r\n                            veja maior \r\n                       \r\n                    <\/button>\r\n                    <\/div>\r\n                    <\/div>\r\n                    \r\n                <\/div>\t\r\n            <\/a>\r\n        <\/div>\r\n\t<\/div><!--# Regular images -->\r\n        \t<div class=\"gcolumn-3 images-gallery adimg2423 gb-masonry2423\">\r\n         <div class=\"gbox-margin2423 hover ehover1\">\r\n            <a class=\"gb-light\" href=\"http:\/\/primaverafilmes.com.br\/site\/wp-content\/uploads\/2017\/09\/bbdb-1024x536.jpg\" title=\"Livre pensar sobre a comida e a alimenta\u00e7\u00e3o\" data-gall=\"adimg2423\">\r\n            <img loading=\"lazy\" decoding=\"async\" src=\"http:\/\/primaverafilmes.com.br\/site\/wp-content\/uploads\/2017\/09\/bbdb.jpg\" alt=\"Livre pensar sobre a comida e a alimenta\u00e7\u00e3o\"  height=\"236\" width=\"450\" title=\"Livre pensar sobre a comida e a alimenta\u00e7\u00e3o\"\/>\r\n                <div class=\"overlay\">\r\n                    <div class=\"gb-middle\">\r\n                        <div class=\"gb-inner\">\r\n                            <h2 class=\"you-title\">Brasil Bom de Boca<\/h2>\r\n                             <button class=\"info\">\r\n                            veja maior \r\n                       \r\n                    <\/button>\r\n                    <\/div>\r\n                    <\/div>\r\n                    \r\n                <\/div>\t\r\n            <\/a>\r\n        <\/div>\r\n\t<\/div><!--# Regular images -->\r\n        \t\t\n    <\/div>\n \n\n \n \n<\/div>\n\t\t<\/div><\/div><\/div><\/div><\/div><\/div><div class=\"smartlib-blck-area\"><div class=\"container\"><div id=\"pg-2367-5\"  class=\"panel-grid panel-has-style\" ><div class=\"smartlib-widgets-panel-row panel-row-style panel-row-style-for-2367-5\" ><div id=\"pgc-2367-5-0\"  class=\"panel-grid-cell\" ><div id=\"panel-2367-5-0-0\" class=\"so-panel widget widget_text panel-first-child\" data-index=\"11\" >\t\t\t<div class=\"textwidget\"><\/div>\n\t\t<\/div><div id=\"panel-2367-5-0-1\" class=\"so-panel widget widget_text\" data-index=\"12\" >\t\t\t<div class=\"textwidget\"><\/div>\n\t\t<\/div><div id=\"panel-2367-5-0-2\" class=\"so-panel widget widget_text panel-last-child\" data-index=\"13\" >\t\t\t<div class=\"textwidget\"><\/div>\n\t\t<\/div><\/div><\/div><\/div><\/div><\/div><div class=\"smartlib-blck-area\"><div class=\"container\"><div id=\"pg-2367-6\"  class=\"panel-grid panel-has-style\" ><div class=\"smartlib-widgets-panel-row panel-row-style panel-row-style-for-2367-6\" ><div id=\"pgc-2367-6-0\"  class=\"panel-grid-cell\" ><div id=\"panel-2367-6-0-0\" class=\"so-panel widget widget_sow-features panel-first-child panel-last-child\" data-index=\"14\" ><div class=\"so-widget-sow-features so-widget-sow-features-default-573b30d7f5bb\">\n<div class=\"sow-features-list sow-features-responsive\">\n\n\t\t\t\n\t\t\t<div class=\"sow-features-feature sow-icon-container-position-top sow-features-feature-last-row\" style=\"width: 25%\">\n\n\t\t\t\t\t\t\t\t<div\n\t\t\t\t\tclass=\"sow-icon-container sow-container-round\"\n                    style=\"color: #404040; \"\n\t\t\t\t\t>\n\t\t\t\t\t<div class=\"sow-icon-image\" style=\"background-image: url(http:\/\/primaverafilmes.com.br\/site\/wp-content\/uploads\/2012\/12\/imagem-logo-fundo-teste.png); font-size: 24px\"><\/div>\t\t\t\t<\/div>\n\t\t\t\t\n\t\t\t\t<div class=\"textwidget\">\n\t\t\t\t\t\n\t\t\t\t\t\t\t\t\t\t\t<p>A Primavera se adapta ao contexto e ao pu\u0301blico-alvo dos projetos que desenvolve.<\/p>\t\t\t\t\t\n\t\t\t\t\t\t\t\t\t<\/div>\n\t\t\t<\/div>\n\n\t\t\n\t\t\t<div class=\"sow-features-feature sow-icon-container-position-top sow-features-feature-last-row\" style=\"width: 25%\">\n\n\t\t\t\t\t\t\t\t<div\n\t\t\t\t\tclass=\"sow-icon-container sow-container-round\"\n                    style=\"color: #404040; \"\n\t\t\t\t\t>\n\t\t\t\t\t<div class=\"sow-icon-image\" style=\"background-image: url(http:\/\/primaverafilmes.com.br\/site\/wp-content\/uploads\/2015\/05\/Icone-2-01.png); font-size: 24px\"><\/div>\t\t\t\t<\/div>\n\t\t\t\t\n\t\t\t\t<div class=\"textwidget\">\n\t\t\t\t\t\n\t\t\t\t\t\t\t\t\t\t\t<p>Integramos diversas tecnologias no desenvolvimento, coordenac\u0327a\u0303o e edic\u0327a\u0303o dos nossos projetos.<\/p>\t\t\t\t\t\n\t\t\t\t\t\t\t\t\t<\/div>\n\t\t\t<\/div>\n\n\t\t\n\t\t\t<div class=\"sow-features-feature sow-icon-container-position-top sow-features-feature-last-row\" style=\"width: 25%\">\n\n\t\t\t\t\t\t\t\t<div\n\t\t\t\t\tclass=\"sow-icon-container sow-container-round\"\n                    style=\"color: #404040; \"\n\t\t\t\t\t>\n\t\t\t\t\t<div class=\"sow-icon-image\" style=\"background-image: url(http:\/\/primaverafilmes.com.br\/site\/wp-content\/uploads\/2015\/05\/Icone-3-01.png); font-size: 24px\"><\/div>\t\t\t\t<\/div>\n\t\t\t\t\n\t\t\t\t<div class=\"textwidget\">\n\t\t\t\t\t\n\t\t\t\t\t\t\t\t\t\t\t<p>A Primavera desenvolve e edita conte\u00fados em diversos meios: Audiovisual, Impresso ou Internet<\/p>\t\t\t\t\t\n\t\t\t\t\t\t\t\t\t<\/div>\n\t\t\t<\/div>\n\n\t\t\n\t\t\t<div class=\"sow-features-feature sow-icon-container-position-top sow-features-feature-last-row\" style=\"width: 25%\">\n\n\t\t\t\t\t\t\t\t<div\n\t\t\t\t\tclass=\"sow-icon-container sow-container-round\"\n                    style=\"color: #404040; \"\n\t\t\t\t\t>\n\t\t\t\t\t<div class=\"sow-icon-image\" style=\"background-image: url(http:\/\/primaverafilmes.com.br\/site\/wp-content\/uploads\/2015\/05\/Icone-1-01.png); font-size: 24px\"><\/div>\t\t\t\t<\/div>\n\t\t\t\t\n\t\t\t\t<div class=\"textwidget\">\n\t\t\t\t\t\n\t\t\t\t\t\t\t\t\t\t\t<p>Trabalhamos com uma rede colaborativa e multidisciplinar buscando soluc\u0327o\u0303es criativas.<\/p>\t\t\t\t\t\n\t\t\t\t\t\t\t\t\t<\/div>\n\t\t\t<\/div>\n\n\t\t\t\n<\/div>\n<\/div><\/div><\/div><\/div><\/div><\/div><\/div><\/div>","protected":false},"excerpt":{"rendered":"<p>Conhe\u00e7a nosso trabalho audiovisual Anima\u00e7\u00e3o Cinema e v\u00eddeo Cultural Document\u00e1rio Educacional Programas para WEB Pr\u00eamios Institucional Programa de TV Conhe\u00e7a alguns sites e blogs que desenvolvemos Animafro Revista Raiz CSA Sorocaba Yolode: projetos manuais Brasil Bom de Boca A Primavera se adapta ao contexto e ao pu\u0301blico-alvo dos projetos que desenvolve. Integramos diversas tecnologias no [&hellip;]<\/p>\n","protected":false},"author":1,"featured_media":0,"parent":0,"menu_order":0,"comment_status":"closed","ping_status":"closed","template":"","meta":{"footnotes":""},"class_list":["post-2367","page","type-page","status-publish","hentry"],"_links":{"self":[{"href":"http:\/\/primaverafilmes.com.br\/site\/wp-json\/wp\/v2\/pages\/2367","targetHints":{"allow":["GET"]}}],"collection":[{"href":"http:\/\/primaverafilmes.com.br\/site\/wp-json\/wp\/v2\/pages"}],"about":[{"href":"http:\/\/primaverafilmes.com.br\/site\/wp-json\/wp\/v2\/types\/page"}],"author":[{"embeddable":true,"href":"http:\/\/primaverafilmes.com.br\/site\/wp-json\/wp\/v2\/users\/1"}],"replies":[{"embeddable":true,"href":"http:\/\/primaverafilmes.com.br\/site\/wp-json\/wp\/v2\/comments?post=2367"}],"version-history":[{"count":2,"href":"http:\/\/primaverafilmes.com.br\/site\/wp-json\/wp\/v2\/pages\/2367\/revisions"}],"predecessor-version":[{"id":2461,"href":"http:\/\/primaverafilmes.com.br\/site\/wp-json\/wp\/v2\/pages\/2367\/revisions\/2461"}],"wp:attachment":[{"href":"http:\/\/primaverafilmes.com.br\/site\/wp-json\/wp\/v2\/media?parent=2367"}],"curies":[{"name":"wp","href":"https:\/\/api.w.org\/{rel}","templated":true}]}}